122 + -11311?
2211
In base 7, what is -5 - 1365452?
-1365460
In base 13, what is -8a9c8 + 2?
-8a9c6
In base 13, what is -1 + -5014?
-5015
In base 9, what is 577443 - -2?
577445
In base 6, what is -33313 - -20?
-33253
In base 7, what is -5102 + -232?
-5334
In base 12, what is -a661 + 49?
-a614
In base 12, what is 6 + 8b1ba?
8b204
In base 6, what is 5 + 41212?
41221
In base 14, what is 1385 + -111?
1274
In base 2, what is 100 + -10101111100?
-10101111000
In base 8, what is -7771332 + -4?
-7771336
In base 15, what is -15b8a + -3?
-15b8d
In base 8, what is 235053 - -16?
235071
In base 8, what is 5 + -2057530?
-2057523
In base 12, what is 9a + -9b?
-1
In base 9, what is -1523 - 42?
-1565
In base 8, what is -115042 + -3?
-115045
In base 11, what is 5 + 583aa1?
583aa6
In base 5, what is 2011 + -332?
1124
In base 9, what is 67081 + 7?
67088
In base 12, what is -2 + -2859?
-285b
In base 11, what is 7432390 - 2?
7432389
In base 14, what is 3 + 215?
218
In base 6, what is 1132 - 202532?
-201400
In base 13, what is 112465 + -4?
112461
In base 13, what is -17 + -7765?
-777c
In base 3, what is 12000 - 2012?
2211
In base 13, what is 0 + 2b9274?
2b9274
In base 8, what is -14 + 30252?
30236
In base 13, what is 12 + -19c9?
-19b7
In base 14, what is 2 + -11a25?
-11a23
In base 15, what is 3 + -2d60d?
-2d60a
In base 15, what is -2dc + -296?
-583
In base 15, what is 290 + -b1?
1ce
In base 9, what is 3 + 14177?
14181
In base 10, what is 3 - 43751?
-43748
In base 16, what is -e + -32a?
-338
In base 14, what is -9c - 136d?
-142b
In base 15, what is -1 + 18702?
18701
In base 15, what is 4 - -2169?
216d
In base 5, what is -123104 - 34?
-123143
In base 6, what is -23 - -125002?
124535
In base 12, what is 5 - 735?
-730
In base 9, what is 223420 - -3?
223423
In base 9, what is 366 + -10?
356
In base 14, what is -326b - 0?
-326b
In base 6, what is -344 + -3321?
-4105
In base 6, what is 12204 - -144?
12352
In base 5, what is 23102 + -1031?
22021
In base 13, what is -2347 + 11?
-2336
In base 6, what is -113413 + 4?
-113405
In base 16, what is -5 + bd?
b8
In base 7, what is 543 + 613?
1456
In base 11, what is -5500 + 52?
-5459
In base 2, what is -11001101010 - -111010?
-11000110000
In base 9, what is -18362 + -4?
-18366
In base 9, what is -533450 + -5?
-533455
In base 4, what is -21101122 - 2?
-21101130
In base 4, what is 10021121 - -1?
10021122
In base 6, what is 3251 + -353?
2454
In base 13, what is 1629 + -155?
14a4
In base 5, what is 320 + 103?
423
In base 16, what is -3a - -4dd?
4a3
In base 8, what is -324741 + 4?
-324735
In base 13, what is -148 - 36a4?
-381c
In base 3, what is -210 - 2210211201?
-2210212111
In base 7, what is -31 - -25302?
25241
In base 7, what is 335 + 144?
512
In base 6, what is -33015 - 303?
-33322
In base 13, what is -6 - 943ba?
-943c3
In base 5, what is 4 + 2012322?
2012331
In base 16, what is -4 + 283d?
2839
In base 16, what is 3f210 + -2?
3f20e
In base 14, what is -12b2 - b?
-12bd
In base 10, what is 1216 + -165?
1051
In base 4, what is -23011112 - -22?
-23011030
In base 3, what is 20110 - 2000021?
-1202211
In base 10, what is 5 + -501321?
-501316
In base 14, what is -2c3 - -14?
-2ad
In base 15, what is -5 - 1e63?
-1e68
In base 10, what is -4 - -25079?
25075
In base 4, what is 213310 + 10010?
223320
In base 3, what is 10212012001 + 101?
10212012102
In base 11, what is a8338 - -2?
a833a
In base 8, what is 336505 - 2?
336503
In base 5, what is 2344 + 13313?
21212
In base 8, what is 1 + 54644?
54645
In base 10, what is 2 - 40977?
-40975
In base 8, what is 61 - -311444?
311525
In base 6, what is -4 + 1224434?
1224430
In base 14, what is -b0 - -181a?
174a
In base 2, what is 1011001011000 - 110011?
1011000100101
In base 13, what is -33ac7 - 5?
-33acc
In base 4, what is 2301122 - -11?
2301133
In base 8, what is -101614 + -5?
-101621
In base 12, what is 88b31 - -2?
88b33
In base 11, what is 81 - 173?
-a2
In base 14, what is 330b - -23?
3330
In base 7, what is -5560 - -63?
-5464
In base 4, what is 3133120 - 10?
3133110
In base 7, what is 11 + -3135?
-3124
In base 9, what is -44 + -1740?
-1784
In base 12, what is -13 - 197?
-1aa
In base 14, what is -4 - -1d734?
1d730
In base 11, what is 227186 - -2?
227188
In base 4, what is 2102131320 + -10?
2102131310
In base 16, what is b + f9e4?
f9ef
In base 9, what is 7771 + -144?
7626
In base 3, what is -11 + 12002?
11221
In base 7, what is 23200 - -42?
23242
In base 7, what is 20106066 + -3?
20106063
In base 4, what is 1213 - 20123?
-12310
In base 15, what is 3 - 29a2?
-299e
In base 10, what is 1629 + -31?
1598
In base 11, what is -4 + -27927?
-27930
In base 13, what is 737b - 51?
732a
In base 9, what is 1 + -54810?
-54808
In base 8, what is 3 - 71237?
-71234
In base 3, what is -2210221112 - 2?
-2210221121
In base 7, what is 34 + 264336?
264403
In base 12, what is 2 - 817?
-815
In base 8, what is 62043 - -32?
62075
In base 7, what is -1 - 21056?
-21060
In base 7, what is 20140 - -12?
20152
In base 8, what is 24543 + -7?
24534
In base 16, what is -143 + -444?
-587
In base 9, what is -118856 + -2?
-118858
In base 14, what is -381c + 27?
-37d5
In base 7, what is -3364 - -1?
-3363
In base 12, what is -702 + 64?
-65a
In base 3, what is 202002 - 1212222?
-1010220
In base 16, what is -f05 - -2?
-f03
In base 16, what is -1d5 - 61?
-236
In base 16, what is -3e + -15d?
-19b
In base 7, what is -2224 - -2304?
50
In base 6, what is -1300 - 211?
-1511
In base 14, what is -449d - 4?
-44a3
In base 11, what is -110614 + -2?
-110616
In base 14, what is 2 + -9d01?
-9cdd
In base 4, what is 130 - -20002003?
20002133
In base 7, what is 2600 - -155?
3055
In base 15, what is 21229 + -4?
21225
In base 16, what is -28 - -19b04?
19adc
In base 12, what is -aa7 - 1463?
-234a
In base 8, what is -3 + 77513?
77510
In base 6, what is -11 - 323511?
-323522
In base 16, what is -1b515 - -12?
-1b503
In base 2, what is -111011100001010 - 110?
-111011100010000
In base 12, what is 2 + 302851?
302853
In base 3, what is -2011101100 + 10?
-2011101020
In base 13, what is -34b10 - 0?
-34b10
In base 11, what is -a1a05a - -3?
-a1a057
In base 13, what is -172 - 30b?
-480
In base 8, what is -2 + -73601?
-73603
In base 14, what is 97795 - -5?
9779a
In base 10, what is 7527 + 19?
7546
In base 11, what is -28 - -2940?
2913
In base 4, what is 1122 + 1031023?
1032211
In base 4, what is -11132 + -1031?
-12223
In base 3, what is 2 + -11120100021?
-11120100012
In base 3, what is 202 + 122112?
200021
In base 15, what is 1a + 1149?
1164
In base 10, what is 32102 - 14?
32088
In base 12, what is 5a54 - 0?
5a54
In base 4, what is -10 - 1031201103?
-1031201113
In base 5, what is -3 - 1122120?
-1122123
In base 8, what is 0 + -366?
-366
In base 6, what is -11421 + 13?
-11404
In base 8, what is -4 + 320526?
320522
In base 9, what is -3 + 5506?
5503
In base 12, what is -4 - -6569?
6565
In base 4, what is 11 + -212102231?
-212102220
In base 10, what is -90 + 6530?
6440
In base 11, what is -183 + 39?
-145
In base 12, what is -98 + 143?
67
In base 8, what is -5 + 30146?
30141
In base 8, what is 471231 - -16?
471247
In base 5, what is -32021 - 230?
-32301
In base 6, what is 2 + 4322432?
4322434
In base 10, what is -487 - 169?
-656
In base 10, what is 520 - -1484?
2004
In base 13, what is 1 - 1536?
-1535
In base 7, what is 1121501 + 2?
1121503
In base 8, what is -7762334 - 0?
-7762334
In base 15, what is 83 - -5a?
dd
In base 8, what is -353240 - -3?
-353235
In base 9, what is -1764785 + -4?
-1764800
In base 16, what is 30 + -86bc?
-868c
In base 5, what is 132121 + 3?
132124
In base 13, what is -6294 - -23?
-6271
In base 15, what is 0 - 46b8?
-46b8
In base 4, what is 12233 - -1113?
20012
In base 10, what is 16228 - 3?
16225
In base 16, what is -2d4 + -a3?
-377
In base 14, what is 14a9 - -9?
14b4
In base 8, what is 4 + 174071?
174075
In base 14, what is b5 - 66?
4d
In base 7, what is -640 + 4133?
3163
In base 10, what is 23781 + 2?
23783
In base 13, what is 18276 + 3?
18279
In base 11, what is 36 - 2458?
-2422
In base 14, what is -3c - 9621?
-965d
In base 7, what is -4124 - 3605?
-11032
In base 3, what is 112121 + 11102?
201000
In base 16, what is -1d5e + -a?
-1d68
In base 15, what is 0 + -128e?
-128e
In base 11, what is 1 + -408995?
-408994
In base 14, what is -7 + 678?
671
In base 